What is the units digit of u(-6)?
5
Let w(v) = 284*v - 4. Suppose -3*a + 10 = 7*a. Let j be w(a). Suppose -j*q = -283*q + 555. What is the tens digit of q?
8
Suppose -2*a + 26 = -4*z, -5*z + 4*a - 27 = -2*z. What is the hundreds digit of (-10431)/(-15) - (-7)/z?
6
Let o(k) = k**3 + 7*k**2 + 92*k - 93. What is the thousands digit of o(18)?
9
Suppose 17*p - 8595 - 9440 = 12*p. What is the tens digit of p?
0
Let v = 3631 + -2154. What is the tens digit of v?
7
Suppose 3*j - 488 = -152. Suppose 17*g - 22*g + 25 = 0. Suppose j = l - g. What is the units digit of l?
7
Let i(v) = v**3 + 7*v**2 + 5*v. Suppose -4*h = 5*u + 19, 0 = -3*h - 2*u - 20 + 4. Let c be i(h). Suppose -5 + 269 = c*p. What is the units digit of p?
4
Let z(j) = 2*j**2 + 4*j + 8. Let v be z(-4). Let d be 2/((3/(-10))/(v/(-20))). Suppose -d*n + 436 = -6*n. What is the tens digit of n?
1
Suppose -2215 - 8801 = -24*r. Suppose -57*i = -54*i - r. What is the hundreds digit of i?
1
Let r be (-4)/((-32)/60)*8/10. Suppose 0 = r*b - 53 - 55. What is the tens digit of (-4)/6*27/b*-34?
3
Suppose -4*d - 4*i = -10680, -6*d + d + 13353 = 2*i. What is the hundreds digit of d?
6
Let g be 552 - 1/(1/2). Suppose -5*y = -3*o + 2, 19*y + 6 = 22*y. Suppose -g = -o*m - m. What is the units digit of m?
0
Let z(s) = 35*s**2 + 45*s + 348. What is the thousands digit of z(-10)?
3
Let m = -49 - -65. Let d = 15 - m. What is the units digit of 56 - 13 - (d - 0)?
4
Let f = -194 + 194. Let h = 106 - -278. Suppose 5*g - v - h = 0, -3*g + 0*g + 2*v + 236 = f. What is the units digit of g?
6
Let w = 5002 - -9390. What is the units digit of w?
2
Let j(w) = 2*w**2 - 118*w - 1651. What is the units digit of j(-73)?
1
Suppose 0 = -y - 5, -2*y - y + 1060 = 5*z. What is the hundreds digit of (-2494)/z*5*-17?
9
Suppose 6*r - 2243 = 2323. What is the units digit of r - 2 - -4*(-4)/16?
8
Suppose -8*o + 12*o + 3*u = 26, 3*u + 4 = 2*o. Suppose -o*m = -1010 - 510. What is the hundreds digit of m?
3
Let k(j) = j**2 - 8*j + 31. Suppose 84 = 5*v + 24. Suppose 4*t - 2*a + 24 = -v, -a = 0. What is the units digit of k(t)?
4
Let c(q) = 7*q**2 - 9*q - 15. Let i(f) = -f**3 + 8*f**2 + 10*f - 13. Let k be i(9). Let w be c(k). Suppose 0 = 2*o - 21 - w. What is the units digit of o?
7
Let p = -22 - -25. Suppose p*w = -11 - 124. Let c = 4 - w. What is the tens digit of c?
4
Let c(z) = -632*z + 16. Let d be c(-2). Suppose -10*k - 4*o + d = -5*k, o = 0. What is the hundreds digit of k?
2
Suppose -12*b + 40 = -2*b. Suppose 5 = n, 0 = -i + 4*i + b*n - 413. What is the hundreds digit of i?
1
Let i(r) = -r**3 + 10*r**2 - 3*r - 6. Let u be i(10). Let s be (16/u*3)/((-4)/(-6)). What is the units digit of ((-41)/s)/(((-54)/12)/(-9))?
1
Let g be ((-255 - -2)*-3)/(3/2). Suppose 2*l = 148 + g. What is the tens digit of l?
2
Let z be 2*20/(-4)*6/(-10). Suppose -z*l + 625 + 179 = 0. Suppose 0*i = 2*i - l. What is the tens digit of i?
6
Let w be ((-12)/9)/((-2)/6). Suppose -w*n + 4 + 14 = -2*l, -3 = 2*l - n. What is the units digit of (-58)/((l - 2)/2)?
6
What is the units digit of ((-48)/56)/((-10)/122885)?
3
Suppose 115*d + 5*g = 114*d + 9175, 36643 = 4*d + g. What is the hundreds digit of d?
1
Suppose -7*k = 9*k - 103408. Suppose 11*c = k + 170. What is the tens digit of c?
0
Suppose 2*w = -2*w + 6*w. Suppose w = -46*g + 48*g - 800. What is the hundreds digit of g?
4
Suppose -9*l - u + 2 = -4*l, 0 = 5*u - 10. Let f(h) = -19*h + 86. What is the units digit of f(l)?
6
Suppose -3*u + 342 = -3*o, u - 3*u - 3*o = -208. Let r(v) = v - u*v**2 + 4*v + 4 + 179*v**2. What is the tens digit of r(-1)?
6
Suppose -3*n - 2*j + 15 = -6*j, 3*j = -n + 5. Suppose 0 = -0*x - n*x + 1505. What is the hundreds digit of x?
3
Let u = 430 - 425. Suppose -r = u*k - 4341, 3*k - r = -k + 3471. What is the tens digit of k?
6
Let r(q) = 6*q**3 - q**2 + 48*q - 10. What is the hundreds digit of r(12)?
7
Let z(p) = 40 + 5*p**2 - 2*p**2 - p**2 + 5*p**2 + 9*p**2 - 9*p. What is the tens digit of z(10)?
5
Let f(t) = -t**3 + 23*t**2 + 8*t + 62. What is the thousands digit of f(-11)?
4
Suppose 3*h + x - 3 = 0, h + 4*x = 5*h - 4. Suppose 9 = 2*y + 2*j + h, 2*y = 5*j + 43. Let i(t) = t**3 - 8*t**2 + 9*t - 7. What is the hundreds digit of i(y)?
1
What is the tens digit of 654975/175 - ((-16)/7 + 2)?
4
Let p(n) = -24*n - 17*n - 8*n + 2 - 33. What is the units digit of p(-13)?
6
Suppose 4*g + 0*g + 12 = 0, 3*f - g + 21 = 0. What is the units digit of (f - -6)*-254 + 7?
5
Let q(w) = 28*w**2 - 6*w - 26. What is the hundreds digit of q(14)?
3
Let c = -106 - -109. Suppose -19 = -c*n - 4. What is the tens digit of ((-2060)/n)/((-6)/3)?
0
Suppose 2*o + 19*h - 136 = 23*h, o + 5*h - 68 = 0. Suppose 0 = -5*s - y + 8844, 69*y = -s + o*y + 1772. What is the thousands digit of s?
1
What is the tens digit of (-2258)/((50/175)/(40/(-14)))?
8
Suppose 0 = 14*u - 501 - 353. Suppose u = 4*c + 41. Suppose -q - 3*q - c*i + 507 = 0, -5*q + 680 = -3*i. What is the hundreds digit of q?
1
Let k(f) = -11*f**3 + 2*f**2 + 2*f - 15. Let h(t) = 2*t**3 + t. Let m(n) = -h(n) + k(n). What is the units digit of m(-3)?
1
Let h = -72 - -111. Suppose -y + 4*y = -h. Let k(b) = -b**2 - 13*b + 24. What is the units digit of k(y)?
4
Let z(x) = 3 + 3 - 30*x + 1 + 23*x. What is the hundreds digit of z(-14)?
1
Let y(d) = -278*d - 1370. What is the thousands digit of y(-14)?
2
Let b be 39/52 + 106/8. What is the units digit of 8564/b + (-28)/(-98)?
2
Suppose -2*r = -5*c + 21969, -5*c - 1012 + 22983 = -3*r. What is the thousands digit of c?
4
Let z(p) be the second derivative of -p**3/6 + 5*p**2/2 - 2*p. Let c be z(5). Suppose c = 4*o - 2*o - 4*r - 132, 285 = 5*o + 5*r. What is the units digit of o?
0
Let d(i) = -i**3 + 6*i**2 + 12*i + 13. Let t = -136 + 127. What is the thousands digit of d(t)?
1
Suppose -2*d = -2*m + 4*m + 6, 4*m + 19 = -5*d. What is the hundreds digit of (-43872)/(-112) + (-2)/d?
3
Suppose 0 = -5*a + 5*c + 42730, c = -51 + 53. What is the tens digit of a?
4
Let i = -38782 - -58647. What is the hundreds digit of i?
8
Let g = -46 - -53. Suppose -3*w + 4*y = -0*w - g, 0 = 4*w - y - 18. Suppose 15 = -w*f, -203 = -3*d - d + f. What is the tens digit of d?
5
Let x(u) = -59*u + 27. Let y(z) = 118*z - 54. Let g(c) = -7*x(c) - 3*y(c). Suppose 15*q = 5*q - 134*q + 720. What is the tens digit of g(q)?
6
Suppose -5*g + 122*w = 124*w - 165405, 3*g - 3*w - 99222 = 0. What is the tens digit of g?
7
Suppose t - 121 = -4*u, 2*u - 5*u + 3*t = -87. Suppose -u*o = -45*o + 9300. What is the units digit of o?
0
Suppose -m = 4*m - m + 2*v - 21296, 0 = -2*v. What is the thousands digit of m?
5
Suppose -3*t - 4*x + 24721 = 0, -4*t - 8239 = -5*t - 2*x. What is the tens digit of t?
4
Suppose -48*a - 30 = -43*a. Let t(o) = -148*o - 49. What is the units digit of t(a)?
9
Let q = -8 + -7. Let o be -6*(-2)/90 + (-118)/q. Let k = 194 - o. What is the tens digit of k?
8
Suppose 116*f - 357190 = 874382. What is the hundreds digit of f?
6
Let q = -233 - -159. Let x = -65 - q. What is the tens digit of ((-6)/x)/(2/(-426))?
4
Suppose 2*y + 667 = -167. Let g = y + 1221. What is the hundreds digit of g?
8
Suppose 12 = -6*a + 24. Suppose a*b - 9 = -3*g, -2*g + 5*b = -0*g - 6. Suppose -3*h = 4*d - 242, -g*d + h + 84 = -104. What is the units digit of d?
2
Suppose 0 = 5*i + 20, -4*v + 15 = -2*i - 73. Suppose 3*q + v = 878. Let z = q + -78. What is the hundreds digit of z?
2
Let m(d) = -1303*d**3 - 39*d**2 - 107*d + 11. What is the units digit of m(-3)?
2
Let i = -66 + 62. Let s(q) = -12*q**3 - 8*q**2 - 18*q - 23. What is the tens digit of s(i)?
8
Let w = -3284 - -7716. What is the units digit of w?
2
Let p(x) = -24*x**3 + 10*x**2 + 18*x + 26. Let k(i) = 37*i**3 - 15*i**2 - 27*i - 39. Let g(c) = -5*k(c) - 8*p(c). What is the hundreds digit of g(5)?
6
Let n(t) = t - 25. Let s be n(27). Suppose s*h - 3*u + 181 = 0, 0*h + 5*u - 271 = 3*h. Let k = 177 + h. What is the tens digit of k?
8
Let z be (0 - -8) + (2 - (13 + -8)). Let k(b) = -z*b + 0 + 3*b**3 + 12*b**3 + 4. What is the units digit of k(2)?
4
Let u(f) be the third derivative of 0*f + 0 + 0*f**5 - 15*f**2 + 17/120*f**6 + 0*f**4 - 1/6*f**3. What is the units digit of u(1)?
6
Let p be (-114)/(-9)*15/(-10). Let m be (-1)/(-1) - (3 + p)*8. Suppose 0 = -5*y + 456 + m. What is the units digit of y?
7
Suppose 0 